se 6) to base 7
-413213
Convert -120120210222 (base 3) to base 5.
-34304043
1301 (base 10) to base 15
5bb
What is 6163858 (base 10) in base 4?
113200312102
Convert -4e069 (base 15) to base 8.
-747771
788c2 (base 16) to base 13
143989
Convert -aab04 (base 13) to base 7.
-2426111
What is -23041 (base 5) in base 7?
-4541
30549a (base 16) to base 15
428741
Convert -64968 (base 13) to base 3.
-100020022220
-1119696 (base 10) to base 2
-100010001010111010000
-1173746 (base 8) to base 13
-b5288
What is 69855d (base 14) in base 13?
98b847
-151389 (base 11) to base 12
-b4727
What is -211021020102020 (base 3) in base 15?
-108b640
Convert -4caca (base 16) to base 2.
-1001100101011001010
30443432 (base 6) to base 14
18b804
-3383639 (base 10) to base 9
-6326428
-707 (base 13) to base 8
-2246
What is -47b585 (base 12) in base 8?
-4332165
-1d975 (base 15) to base 6
-2023215
Convert 1a46b (base 12) to base 16.
9713
What is 2133232022 (base 4) in base 2?
10011111101110001010
What is 303350 (base 9) in base 12?
87b46
What is 320041341 (base 5) in base 13?
3779aa
What is 156131216 (base 7) in base 11?
5a99678
What is 2133541 (base 8) in base 6?
20124333
3864423 (base 12) to base 9
22757570
-12130333 (base 5) to base 15
-23db3
Convert 374230 (base 8) to base 11.
89063
What is 11401054 (base 6) in base 14?
94638
Convert 2323544 (base 7) to base 4.
1013033303
Convert 10000100110100000110101 (base 2) to base 14.
81404d
-244618 (base 9) to base 13
-52343
Convert 11863555 (base 10) to base 8.
55203003
-44609 (base 12) to base 5
-10400404
What is 94a31 (base 15) in base 16?
7317d
Convert -75511 (base 13) to base 14.
-57267
Convert -1c2972 (base 14) to base 6.
-33322104
Convert 10231021211 (base 4) to base 8.
4551145
Convert -1230203 (base 5) to base 10.
-23803
Convert 3a4a64 (base 13) to base 6.
50120001
What is -15305 (base 6) in base 11?
-1963
-d485 (base 16) to base 13
-1b9c0
441040401 (base 5) to base 3
10120012000111
What is 1b9b7 (base 15) in base 3?
11120101101
Convert -ac84a4 (base 16) to base 15.
-ed4e83
Convert 27d29 (base 16) to base 13.
59322
What is -207613 (base 10) in base 12?
-a0191
-231236 (base 16) to base 14
-43b890
Convert 38a67b (base 15) to base 10.
2718341
Convert 10001100100111010110 (base 2) to base 13.
172206
Convert 22a263 (base 13) to base 12.
337901
Convert -2734457 (base 8) to base 3.
-1110000220200
What is 1849 (base 15) in base 13?
2505
-20131032211 (base 4) to base 11
-1284626
Convert -120001303210 (base 4) to base 11.
-361246a
Convert 3812773 (base 10) to base 4.
32202312211
86a2aa (base 14) to base 13
c39077
What is -252123514 (base 7) in base 10?
-15905509
What is 26801 (base 16) in base 12?
77315
-25522b7 (base 12) to base 2
-11011111100000000101011
Convert 234550 (base 10) to base 3.
102220202001
707646 (base 9) to base 8
1462236
What is -31951 (base 14) in base 8?
-352023
What is 132033410 (base 5) in base 16?
a0cad
What is 113b25 (base 15) in base 13?
22a588
-212003233 (base 4) to base 15
-312c7
What is -2121760 (base 11) in base 6?
-212022523
Convert 100000100010000011 (base 2) to base 9.
222706
What is -248840 (base 9) in base 5?
-14311413
What is -54530162 (base 7) in base 2?
-10001110110011111011010
Convert 2a0b24 (base 12) to base 13.
1b9838
31032113130 (base 4) to base 2
1101001110010111011100
Convert -19a647 (base 11) to base 10.
-306907
Convert 23134422 (base 7) to base 5.
1004310002
-113332221 (base 4) to base 14
-27b17
What is -122477 (base 8) in base 13?
-16341
Convert 315231122 (base 6) to base 15.
750d65
-650233 (base 9) to base 14
-a11d9
Convert 125933 (base 14) to base 13.
190aba
-21211002303 (base 4) to base 2
-1001100101000010110011
What is 25026c (base 13) in base 7?
10346364
What is 4104343 (base 9) in base 16?
2162eb
354162 (base 7) to base 10
63891
What is -157b26 (base 12) in base 5?
-43204342
Convert 422044220 (base 5) to base 11.
a98111
Convert 216363 (base 9) to base 16.
1f935
What is 3046005 (base 7) in base 14?
96c3c
Convert -292ba (base 13) to base 15.
-17de1
-14c5a (base 16) to base 2
-10100110001011010
What is 84220 (base 16) in base 4?
2010020200
What is -697116 (base 10) in base 9?
-1272233
18284 (base 15) to base 5
10000244
Convert 16652344 (base 7) to base 16.
19128d
What is 2811771 (base 10) in base 15?
3a81b6
Convert 4433411 (base 7) to base 9.
1022285
Convert -13632611 (base 7) to base 8.
-4716623
Convert 525003 (base 7) to base 6.
1535123
-56636224 (base 7) to base 16
-4b48c4
Convert 41154025 (base 7) to base 6.
201435144
1442333 (base 6) to base 3
11020112210
Convert -100501322 (base 6) to base 15.
-23e43e
Convert 5013420 (base 8) to base 12.
535b28
Convert -7b324 (base 13) to base 3.
-102102010200
Convert 1226 (base 10) to base 2.
10011001010
-10110101000101000111100 (base 2) to base 14
-b06588
-22aa1 (base 15) to base 6
-2211041
3933e9 (base 15) to base 16
29e1c1
-5344061 (base 7) to base 15
-cc775
-8bc24 (base 15) to base 10
-444859
Convert 939174 (base 11) to base 6.
52134111
Convert 211035124 (base 7) to base 5.
11143323104
What is -1909518 (base 10) in base 11?
-1094716
What is -11001101001110010 (base 2) in base 4?
-121221302
Convert -3842118 (base 9) to base 11.
-1200705
-55aa86a (base 11) to base 10
-9823824
What is 105287 (base 16) in base 8?
4051207
Convert 105374363 (base 8) to base 16.
115f8f3
What is 222322203 (base 4) in base 7?
1331322
-3211323212 (base 4) to base 9
-1684812
What is -7027417 (base 8) in base 13?
-4c8942
-c369 (base 15) to base 9
-62550
-13666055 (base 7) to base 13
-363bab
Convert -102200000122002 (base 3) to base 16.
-5e9d1e
10000101100011000000 (base 2) to base 11
343a80
-86ac8 (base 13) to base 11
-156a66
Convert 12112212201 (base 3) to base 16.
1aacd
-13220203232 (base 5) to base 2
-111111001101001101101000
Convert -1211032 (base 8) to base 12.
-14038a
-1506770 (base 10) to base 8
-5576722
12e19f8 (base 16) to base 4
1023201213320
1001112021212 (base 3) to base 9
1045255
642000 (base 7) to base 12
54390
What is 2052b (base 14) in base 13?
29587
97383 (base 10) to base 7
553626
Convert 4e93f0 (base 16) to base 8.
23511760
Convert 110102011200222 (base 3) to base 2.
11001001010101001110001
-134000 (base 8) to base 10
-47104
16a4 (base 12) to base 6
20324
Convert 1225041 (base 9) to base 2.
10100010101011100111
Convert -11100111101010100001 (base 2) to base 14.
-1a9b45
Convert -260434 (base 8) to base 16.
-1611c
What is -114a09 (base 11) in base 5?
-21312420
Convert 2a8b2 (base 16) to base 2.
101010100010110010
Convert -2c670a (base 13) to base 9.
-2055441
-11243161 (base 7) to base 3
-1212001220011
Convert -11095 (base 16) to base 4.
-101002111
What is 2371441 (base 8) in base 9?
1203416
-1086655 (base 11) to base 2
-111001111001111110101
-101323330 (base 4) to base 9
-121701
What is -400826 (base 12) in base 15?
-14a3e0
178307 (base 11) to base 6
5515032
-111101000000110101111 (base 2) to base 16
-1e81af
766642 (base 10) to base 5
144013032
What is -54352210 (base 6) in base 5?
-403212442
Convert -3455541 (base 7) to base 16.
-69ff9
-15110261 (base 7) to base 10
-1431137
Convert -100011000101101010 (base 2) to base 16.
-2316a
Convert -13403443 (base 7) to base 4.
-10233330232
Convert -10211020 (base 3) to base 13.
-1365
10033044040 (base 5) to base 9
20816770
Convert -5549719 (base 10) to base 13.
-11c4076
What is 10346716 (base 9) in base 16?
4c2954
-2a0532 (base 14) to base 3
-2202012212220
Convert 302033221 (base 4) to base 11.
130692
What is -100001001001011100000010 (base 2) in base 5?
-4211030120
Convert 16774810 (base 9) to base 12.
29a9076
Convert 333178 (base 9) to base 11.
126703
Convert -439e2 (base 16) to base 6.
-5534122
What is 221121110122 (base 3) in base 14?
d19ba
-9376 (base 15) to base 8
-74671
Convert 2102401 (base 8) to base 16.
88501
What is 122224005 (base 6) in base 8?
10761305
Convert 11110010101010001 (base 2) to base 14.
333c5
a3cc2 (base 15) to base 4
1332301121
What is -a165a (base 11) in base 8?
-442064
Convert 1821806 (base 9) to base 8.
3704742
What is -23261462 (base 7) in base 3?
-10212002012102
What is -32a2d7 (base 14) in base 6?
-100455113
What is 1291187 (base 10) in base 7?
13655252
Convert 1c989 (base 13) to base 3.
2212120210
Convert 8974ab (base 12) to base 10.
2190083
1171592 (base 11) to base 12
822a94
What 